 the remainder when 200 is divided by 30?
20
What is the remainder when 355 is divided by 45?
40
What is the remainder when 460 is divided by 152?
4
What is the remainder when 1164 is divided by 235?
224
Calculate the remainder when 494 is divided by 436.
58
Calculate the remainder when 273 is divided by 23.
20
Calculate the remainder when 6466 is divided by 1291.
11
Calculate the remainder when 104 is divided by 2.
0
What is the remainder when 2471 is divided by 24?
23
What is the remainder when 178 is divided by 4?
2
What is the remainder when 21382 is divided by 17?
13
What is the remainder when 217 is divided by 133?
84
Calculate the remainder when 639 is divided by 44.
23
What is the remainder when 8674 is divided by 27?
7
What is the remainder when 48 is divided by 23?
2
Calculate the remainder when 1304 is divided by 10.
4
What is the remainder when 440 is divided by 34?
32
Calculate the remainder when 1798 is divided by 45.
43
Calculate the remainder when 6878 is divided by 74.
70
Calculate the remainder when 4741 is divided by 20.
1
Calculate the remainder when 326 is divided by 51.
20
What is the remainder when 253 is divided by 64?
61
What is the remainder when 18760 is divided by 139?
134
Calculate the remainder when 2838 is divided by 944.
6
What is the remainder when 2452 is divided by 82?
74
What is the remainder when 995 is divided by 90?
5
What is the remainder when 179 is divided by 78?
23
Calculate the remainder when 92 is divided by 30.
2
Calculate the remainder when 469 is divided by 144.
37
Calculate the remainder when 240 is divided by 61.
57
Calculate the remainder when 96 is divided by 37.
22
What is the remainder when 110 is divided by 101?
9
Calculate the remainder when 1196 is divided by 260.
156
What is the remainder when 1272 is divided by 58?
54
What is the remainder when 1453 is divided by 20?
13
What is the remainder when 398 is divided by 127?
17
Calculate the remainder when 645 is divided by 93.
87
Calculate the remainder when 293 is divided by 293.
0
What is the remainder when 96 is divided by 59?
37
Calculate the remainder when 2104 is divided by 555.
439
Calculate the remainder when 381 is divided by 32.
29
Calculate the remainder when 1032 is divided by 45.
42
Calculate the remainder when 22053 is divided by 387.
381
Calculate the remainder when 859 is divided by 285.
4
Calculate the remainder when 63 is divided by 13.
11
Calculate the remainder when 267 is divided by 45.
42
What is the remainder when 4034 is divided by 176?
162
Calculate the remainder when 58 is divided by 42.
16
What is the remainder when 793 is divided by 598?
195
Calculate the remainder when 7155 is divided by 38.
11
Calculate the remainder when 2391 is divided by 23.
22
Calculate the remainder when 135 is divided by 28.
23
Calculate the remainder when 193 is divided by 22.
17
What is the remainder when 82 is divided by 18?
10
What is the remainder when 877 is divided by 63?
58
What is the remainder when 121 is divided by 17?
2
Calculate the remainder when 63 is divided by 16.
15
Calculate the remainder when 419 is divided by 115.
74
What is the remainder when 572 is divided by 78?
26
Calculate the remainder when 1211 is divided by 81.
77
Calculate the remainder when 13528 is divided by 55.
53
What is the remainder when 60 is divided by 24?
12
What is the remainder when 829 is divided by 52?
49
Calculate the remainder when 95 is divided by 26.
17
Calculate the remainder when 322 is divided by 13.
10
Calculate the remainder when 1762 is divided by 41.
40
Calculate the remainder when 1199 is divided by 29.
10
What is the remainder when 129 is divided by 27?
21
What is the remainder when 633 is divided by 22?
17
Calculate the remainder when 206 is divided by 49.
10
What is the remainder when 770 is divided by 39?
29
What is the remainder when 108 is divided by 5?
3
What is the remainder when 2090 is divided by 25?
15
What is the remainder when 1721 is divided by 133?
125
Calculate the remainder when 8691 is divided by 7.
4
Calculate the remainder when 815 is divided by 12.
11
What is the remainder when 2463 is divided by 614?
7
What is the remainder when 187 is divided by 10?
7
What is the remainder when 777 is divided by 152?
17
What is the remainder when 2130 is divided by 213?
0
What is the remainder when 1708 is divided by 75?
58
What is the remainder when 212 is divided by 68?
8
What is the remainder when 604 is divided by 55?
54
What is the remainder when 53 is divided by 17?
2
What is the remainder when 3583 is divided by 163?
160
What is the remainder when 332 is divided by 113?
106
Calculate the remainder when 3867 is divided by 79.
75
Calculate the remainder when 11316 is divided by 51.
45
What is the remainder when 1488 is divided by 149?
147
Calculate the remainder when 866 is divided by 79.
76
Calculate the remainder when 18462 is divided by 32.
30
What is the remainder when 834 is divided by 58?
22
Calculate the remainder when 3489 is divided by 134.
5
What is the remainder when 321 is divided by 77?
13
Calculate the remainder when 245 is divided by 30.
5
What is the remainder when 112 is divided by 23?
20
Calculate the remainder when 22 is divided by 18.
4
What is the remainder when 107 is divided by 36?
35
What is the remainder when 467 is divided by 137?
56
What is the remainder when 315 is divided by 29?
25
What is the remainder when 187 is divided by 32?
27
Calculate the remainder when 134 is divided by 43.
5
What is the remainder when 1760 is divided by 23?
12
Calculate the remainder when 485 is divided by 162.
161
What is the remainder when 565 is divided by 113?
0
What is the remainder when 1182 is divided by 79?
76
What is the remainder when 426 is divided by 148?
130
Calculate the remainder when 11227 is divided by 144.
139
What is the remainder when 1776 is divided by 873?
30
What is the remainder when 95 is divided by 32?
31
What is the remainder when 3531 is divided by 704?
11
What is the remainder when 4266 is divided by 17?
16
What is the remainder when 1890 is divided by 51?
3
Calculate the remainder when 318 is divided by 117.
84
What is the remainder when 486 is divided by 158?
12
What is the remainder when 490 is divided by 100?
90
Calculate the remainder when 155 is divided by 39.
38
Calculate the remainder when 338 is divided by 19.
15
Calculate the remainder when 543 is divided by 8.
7
What is the remainder when 24 is divided by 14?
10
Calculate the remainder when 389 is divided by 77.
4
What is the remainder when 7498 is divided by 25?
23
Calculate the remainder when 15907 is divided by 117.
112
What is the remainder when 109 is divided by 14?
11
What is the remainder when 1597 is divided by 228?
1
What is the remainder when 236 is divided by 12?
8
Calculate the remainder when 1851 is divided by 95.
46
What is the remainder when 1527 is divided by 90?
87
What is the remainder when 386 is divided by 25?
11
What is the remainder when 97 is divided by 38?
21
What is the remainder when 300 is divided by 289?
11
Calculate the remainder when 946 is divided by 34.
28
What is the remainder when 418 is divided by 14?
12
Calculate the remainder when 445 is divided by 67.
43
What is the remainder when 76 is divided by 40?
36
What is the remainder when 429 is divided by 60?
9
Calculate the remainder when 13326 is divided by 136.
134
Calculate the remainder when 366 is divided by 105.
51
What is the remainder when 67 is divided by 30?
7
Calculate the remainder when 566 is divided by 34.
22
Calculate the remainder when 329 is divided by 2.
1
Calculate the remainder when 1048 is divided by 40.
8
Calculate the remainder when 267 is divided by 84.
15
What is the remainder when 466 is divided by 14?
4
What is the remainder when 251 is divided by 84?
83
What is the remainder when 2992 is divided by 100?
92
Calculate the remainder when 113 is divided by 101.
12
What is the remainder when 204 is divided by 108?
96
What is the remainder when 420 is divided by 68?
12
Calculate the remainder when 806 is divided by 18.
14
What is the remainder when 827 is divided by 28?
15
What is the remainder when 1211 is divided by 554?
103
Calculate the remainder when 35404 is divided by 18.
16
What is the remainder when 1148 is divi